 prime factors of 3175.
5, 127
What are the prime factors of 1060?
2, 5, 53
What are the prime factors of 65547?
3, 7283
What are the prime factors of 3172?
2, 13, 61
List the prime factors of 2142.
2, 3, 7, 17
What are the prime factors of 70636?
2, 17659
List the prime factors of 1485.
3, 5, 11
What are the prime factors of 1867?
1867
List the prime factors of 15203.
23, 661
List the prime factors of 626.
2, 313
List the prime factors of 47487.
3, 11, 1439
What are the prime factors of 254?
2, 127
List the prime factors of 1351.
7, 193
List the prime factors of 12034.
2, 11, 547
What are the prime factors of 964?
2, 241
List the prime factors of 12069.
3, 149
List the prime factors of 42056.
2, 7, 751
What are the prime factors of 7439?
43, 173
List the prime factors of 5312.
2, 83
List the prime factors of 1091.
1091
What are the prime factors of 52909?
157, 337
What are the prime factors of 28432?
2, 1777
What are the prime factors of 23036?
2, 13, 443
What are the prime factors of 857?
857
List the prime factors of 911.
911
List the prime factors of 51562.
2, 7, 29, 127
List the prime factors of 75843.
3, 53
What are the prime factors of 1457?
31, 47
What are the prime factors of 1492?
2, 373
What are the prime factors of 276?
2, 3, 23
What are the prime factors of 74?
2, 37
List the prime factors of 2934.
2, 3, 163
List the prime factors of 46875.
3, 5
List the prime factors of 1716.
2, 3, 11, 13
What are the prime factors of 6280?
2, 5, 157
List the prime factors of 27630.
2, 3, 5, 307
What are the prime factors of 7814?
2, 3907
What are the prime factors of 36429?
3, 12143
List the prime factors of 112136.
2, 107, 131
List the prime factors of 121.
11
What are the prime factors of 975?
3, 5, 13
List the prime factors of 11556.
2, 3, 107
List the prime factors of 86163.
3, 7, 11, 373
What are the prime factors of 35950?
2, 5, 719
List the prime factors of 677.
677
What are the prime factors of 8411?
13, 647
What are the prime factors of 751?
751
What are the prime factors of 41419?
7, 61, 97
List the prime factors of 7543.
19, 397
What are the prime factors of 221?
13, 17
List the prime factors of 3820.
2, 5, 191
List the prime factors of 25246.
2, 13, 971
What are the prime factors of 2828?
2, 7, 101
What are the prime factors of 11102?
2, 7, 13, 61
What are the prime factors of 2444?
2, 13, 47
List the prime factors of 880.
2, 5, 11
List the prime factors of 466.
2, 233
List the prime factors of 1100.
2, 5, 11
List the prime factors of 3584.
2, 7
List the prime factors of 43412.
2, 10853
List the prime factors of 37583.
7, 13, 59
List the prime factors of 43.
43
List the prime factors of 72836.
2, 131, 139
What are the prime factors of 11481?
3, 43, 89
List the prime factors of 1353.
3, 11, 41
What are the prime factors of 14257?
53, 269
What are the prime factors of 29125?
5, 233
What are the prime factors of 470?
2, 5, 47
List the prime factors of 584.
2, 73
List the prime factors of 6940.
2, 5, 347
List the prime factors of 181.
181
List the prime factors of 24278.
2, 61, 199
List the prime factors of 6012.
2, 3, 167
List the prime factors of 975.
3, 5, 13
List the prime factors of 1267.
7, 181
List the prime factors of 207.
3, 23
List the prime factors of 43867.
43867
What are the prime factors of 26821?
26821
What are the prime factors of 74574?
2, 3, 1381
List the prime factors of 16180.
2, 5, 809
What are the prime factors of 78763?
79, 997
What are the prime factors of 23164?
2, 5791
List the prime factors of 98305.
5, 19661
What are the prime factors of 7073?
11, 643
List the prime factors of 1404.
2, 3, 13
What are the prime factors of 2459?
2459
What are the prime factors of 60209?
60209
List the prime factors of 1440.
2, 3, 5
What are the prime factors of 40289?
40289
List the prime factors of 2920.
2, 5, 73
What are the prime factors of 19310?
2, 5, 1931
What are the prime factors of 1284?
2, 3, 107
What are the prime factors of 27177?
3, 9059
What are the prime factors of 1019?
1019
List the prime factors of 31508.
2, 7877
What are the prime factors of 243?
3
What are the prime factors of 79376?
2, 11, 41
What are the prime factors of 8061?
3, 2687
What are the prime factors of 2190?
2, 3, 5, 73
List the prime factors of 2937.
3, 11, 89
What are the prime factors of 790?
2, 5, 79
What are the prime factors of 59401?
191, 311
List the prime factors of 4564.
2, 7, 163
List the prime factors of 136404.
2, 3, 421
What are the prime factors of 10884?
2, 3, 907
List the prime factors of 553.
7, 79
List the prime factors of 23132.
2, 5783
What are the prime factors of 376?
2, 47
What are the prime factors of 71100?
2, 3, 5, 79
What are the prime factors of 4738?
2, 23, 103
List the prime factors of 206.
2, 103
List the prime factors of 1045.
5, 11, 19
List the prime factors of 2080.
2, 5, 13
What are the prime factors of 17990?
2, 5, 7, 257
What are the prime factors of 3475?
5, 139
List the prime factors of 600.
2, 3, 5
List the prime factors of 992.
2, 31
What are the prime factors of 42988?
2, 11, 977
List the prime factors of 935.
5, 11, 17
List the prime factors of 14107.
14107
What are the prime factors of 116432?
2, 19, 383
What are the prime factors of 136822?
2, 7, 29, 337
What are the prime factors of 61283?
61283
What are the prime factors of 3675?
3, 5, 7
List the prime factors of 30867.
3, 10289
List the prime factors of 842.
2, 421
What are the prime factors of 27663?
3, 9221
What are the prime factors of 20495?
5, 4099
What are the prime factors of 325?
5, 13
What are the prime factors of 1015?
5, 7, 29
What are the prime factors of 4237?
19, 223
List the prime factors of 832.
2, 13
List the prime factors of 46809.
3, 7, 743
List the prime factors of 42035.
5, 7, 1201
What are the prime factors of 2902?
2, 1451
What are the prime factors of 77522?
2, 83, 467
List the prime factors of 9053.
11, 823
List the prime factors of 513.
3, 19
List the prime factors of 130088.
2, 7, 23, 101
What are the prime factors of 4220?
2, 5, 211
List the prime factors of 5209.
5209
What are the prime factors of 11014?
2, 5507
List the prime factors of 424.
2, 53
What are the prime factors of 120?
2, 3, 5
What are the prime factors of 1937?
13, 149
What are the prime factors of 24077?
24077
What are the prime factors of 23505?
3, 5, 1567
What are the prime factors of 22747?
23, 43
What are the prime factors of 15105?
3, 5, 19, 53
List the prime factors of 264.
2, 3, 11
What are the prime factors of 7430?
2, 5, 743
List the prime factors of 4038.
2, 3, 673
What are the prime factors of 8746?
2, 4373
What are the prime factors of 81014?
2, 40507
List the prime factors of 2562.
2, 3, 7, 61
What are the prime factors of 447?
3, 149
What are the prime factors of 3855?
3, 5, 257
What are the prime factors of 4712?
2, 19, 31
What are the prime factors of 28813?
28813
List the prime factors of 38992.
2, 2437
What are the prime factors of 88744?
2, 11093
List the prime factors of 31904.
2, 997
List the prime factors of 32517.
3, 3613
What are the prime factors of 2465?
5, 17, 29
What are the prime factors of 5019?
3, 7, 239
What are the prime factors of 7354?
2, 3677
List the prime factors of 12162.
2, 3, 2027
What are the prime factors of 4391?
4391
List the prime factors of 24537.
3, 8179
What are the prime factors of 1098?
2, 3, 61
What are the prime factors of 16121?
7, 47
What are the prime factors of 113659?
7, 13, 1249
List the prime factors of 856.
2, 107
What are the prime factors of 927?
3, 103
List the prime factors of 45584.
2, 7, 11, 37
List the prime factors of 857.
857
What are the prime factors of 2505?
3, 5, 167
What are the prime factors of 131?
131
What are the prime factors of 9765?
3, 5, 7, 31
List the prime factors of 1682.
2, 29
What are the prime factors of 2531?
2531
What are the prime factors of 1034?
2, 11, 47
List the prime factors of 511.
7, 73
List the prime factors of 767.
13, 59
What are the prime factors of 87206?
2, 7, 6229
What are the prime factors of 472?
2, 59
List the prime factors of 1579.
1579
List the prime factors of 1485.
3, 5, 11
What are the prime factors of 600?
2, 3, 5
List the prime factors of 3791.
17, 223
What are the prime factors of 23200?
2, 5, 29
What are the prime factors of 95568?
